uppose s - v = 4, -3*s - 4*v = 2*s - 56. Suppose -243 = s*t - 11*t. What are the prime factors of t?
3
Let r(b) = -2*b**3 + 25*b**2 - 16*b + 16. List the prime factors of r(10).
2, 89
Suppose -3*h + 0*h - 80 = -4*x, 3*h - 127 = -5*x. Let g be (-46)/(-14) + 2/(-7). What are the prime factors of (-1 - -2) + x*g?
2, 5, 7
Let w = -252 - -474. List the prime factors of w.
2, 3, 37
Let h be (-428)/(-6) + 3/(-9). Suppose -4*a = -77 - h. Suppose a = 2*y - y. What are the prime factors of y?
37
Let o be 6 + (-7)/((-7)/2). Let g(j) = j + o - 12*j**2 + 5 + 10*j - j**3. List the prime factors of g(-13).
3, 13
Let j(z) = -z**2 - 164*z + 837. What are the prime factors of j(0)?
3, 31
Let f(o) = o**2 - 6*o - 1. Let m be f(7). Suppose 6 = 4*b - m, -k + b + 18 = 0. List the prime factors of k.
3, 7
Let m(w) = -w**3 - 6*w**2 - 6*w - 5. Let t be m(-6). Let c = -20 + t. What are the prime factors of c?
11
Suppose 5*c - 805 - 1280 = 0. What are the prime factors of c?
3, 139
Let k(o) = -6*o - 4. Let m be k(-2). Suppose -m*u - 15 = -5*u. Let n = 21 - u. List the prime factors of n.
2, 13
List the prime factors of (48816/(-96))/(((-1)/(-2))/(-1)).
3, 113
Let z = 68 - 65. Suppose z*r - 5*f = 436, 3*r = -0*r - 4*f + 472. What are the prime factors of r?
2, 19
Suppose 6090 = 5*f - 2*o, 16 = 3*o + 1. What are the prime factors of f?
2, 5, 61
Let o be (-10)/(-1 + -1)*1. Let w(j) = -3*j**3 + 4 - 4*j + 3*j**3 + j**3 - 18*j**2 + 15*j**2 - j. List the prime factors of w(o).
29
Suppose -18*t = -14*t - 16, 4*t - 8320 = -4*d. What are the prime factors of d?
2, 3, 173
Suppose 20428 = -4*t + 9*t - 2*w, 2*w - 4076 = -t. List the prime factors of t.
2, 1021
Suppose 4*b + b - m - 40 = 0, 2*b = -5*m - 11. Suppose -b*j - 5*j + 2364 = 0. What are the prime factors of j?
197
Suppose -4*x = -15137 - 3083. What are the prime factors of x?
5, 911
Let r(v) = 5*v**3 - 10*v**2 + 12*v - 16. Let s(m) = -4*m**3 + 9*m**2 - 11*m + 15. Let q(w) = -3*r(w) - 4*s(w). What are the prime factors of q(7)?
3, 31
Let n(s) = 4*s**2 - 14*s + 2. Let g be n(9). Suppose o + g = 2*a + 3*o, -2*a - 5*o = -215. What are the prime factors of a?
5, 19
Suppose 0*j - 25*j = -7025. List the prime factors of j.
281
Let u(r) = 3*r**2 + 1 - 6*r + 1 + 3*r**3 - 2*r**3 - 4. Let p be u(-7). List the prime factors of (4/(-8))/(3/p).
2, 13
Let p = 95 + -95. Let u(g) = 3*g + 7. Let z be u(6). Suppose -n = -p*n - z. List the prime factors of n.
5
Let f = 9 + 14. Let r = -15 + f. Suppose -5*d - 2 = c - r, c - 2*d - 27 = 0. What are the prime factors of c?
3, 7
Suppose 0 = -7*g - 3*g + 40. Suppose n - 20 = g*k, -5*n = k - 2*k - 81. What are the prime factors of n?
2
What are the prime factors of (504/(-140))/(4/(-2070))?
3, 23
Let q = 2081 + -1249. List the prime factors of q.
2, 13
Suppose 4*x + r = -3*r + 11304, 0 = 8*x + 4*r - 22612. List the prime factors of x.
11, 257
Let n = -248 + 1432. List the prime factors of n.
2, 37
Let j be 415/15 + (-4)/(-12). Let x = 45 - j. List the prime factors of 1171/x + 14/119.
3, 23
Let a(z) = -198*z**3 + 2*z**2 - 2*z - 3. What are the prime factors of a(-1)?
199
Suppose 32448 = 10*g + 16*g. List the prime factors of g.
2, 3, 13
Let k(z) = z + 9. Let y be k(-7). Let g be -1 + 0 + y + 3. Suppose -2*h + g*o + 50 = o, -o = 2*h - 42. What are the prime factors of h?
2, 11
List the prime factors of (-1)/6 - (-28444)/24.
3, 5, 79
Let t(u) = 2*u + 32. Let p be t(0). Suppose -4*v = -24 - p. Suppose -2*s = -s - v. List the prime factors of s.
2, 7
Suppose -5*j = -7*j. Suppose -5*v = -j*v. Suppose v = -0*o - 3*o + 57. What are the prime factors of o?
19
Let r be 0 - (-4 + 3) - 1. Let k be (r - 0 - 1)/1. List the prime factors of (k - 1/(-3))*-42.
2, 7
Let k = -149 + 183. List the prime factors of k.
2, 17
Let r = -70 - -72. What are the prime factors of (r - 335)*(3 + 40/(-12))?
3, 37
Suppose -32*q = -29*q. Suppose 0 = -3*l - 2*a + 382, 0 = 5*l - q*a - 5*a - 670. What are the prime factors of l?
2, 5, 13
Suppose 68085 = 51*j - 97920. List the prime factors of j.
3, 5, 7, 31
Let i(b) = b + 6. Let h(n) = -3*n - 25. Let f(l) = 2*h(l) + 9*i(l). Let k = 1 + 1. List the prime factors of f(k).
2, 5
Suppose -5*u = -4*z - u + 60, -75 = -5*z + u. Let f be 2/z - 579/(-45). Suppose -j + 0*j = -3*t - f, 3*t + 65 = 5*j. List the prime factors of j.
13
Let p(z) = 231*z + 17. What are the prime factors of p(2)?
479
Let x(o) = -o**2 - o. Let g(u) = -2*u**3 - 11 + 11*u + u**3 + 10*u**2 - 7*u. Let z(t) = g(t) + 2*x(t). What are the prime factors of z(8)?
5
Suppose -22*n + 1092 = -15*n. What are the prime factors of n?
2, 3, 13
Suppose 0 = 3*t + 3*p - 8499, 2*p - p + 11357 = 4*t. What are the prime factors of t?
2, 3, 11, 43
Let p = -52 - -55. Let h(v) = 9*v**2 + 5*v - 2. List the prime factors of h(p).
2, 47
Suppose 3*v + x = 109, -3*v = -5*x - 4 - 135. Let a = v + 22. List the prime factors of a.
2, 3, 5
Let q = -7 - 36. Let n = -27 - q. List the prime factors of n.
2
Let c(j) = -5*j - 5. Let r be c(8). Let l = r - -95. Suppose 4*m - s - 72 = 119, -m + s = -l. What are the prime factors of m?
47
Let h(f) = 45*f**2 - 3*f + 4. Let p(i) = i - 1. Let y(t) = h(t) + 3*p(t). What are the prime factors of y(1)?
2, 23
Suppose -2*u + 5*u = -z + 1655, -5*u = -3*z + 5007. What are the prime factors of z?
2, 13
Let q = 49 - -168. List the prime factors of q.
7, 31
Suppose 2 = -6*j - 10. Let b = 376 - 202. What are the prime factors of 3/j*b/(-9)?
29
List the prime factors of -3 - (-5)/(35/1386).
3, 5, 13
Suppose -608 = -7*n - n. Suppose 0 = 81*m - n*m - 45. What are the prime factors of m?
3
Let q(v) = -62*v - 48. Let u be q(-3). Suppose -h - u = -3*l + 734, -3*h - 1460 = -5*l. List the prime factors of l.
17
Let r = 1014 - 186. List the prime factors of r.
2, 3, 23
Suppose 0 = 5*r + 4*d - 6961, 0 = -3*r + 11*d - 15*d + 4175. What are the prime factors of r?
7, 199
Let l(c) = 15*c. Let x be l(2). Suppose 45 + x = u. Let t = 107 - u. What are the prime factors of t?
2
Suppose 28*n + 8 = 32*n. Suppose c = -3*c - 12, -v + n*c = -59. What are the prime factors of v?
53
Let c = 2272 - 1235. List the prime factors of c.
17, 61
Suppose 3*d = 105 - 3. What are the prime factors of 1 + d - (2 - -1)?
2
Suppose 5*u + 20 = -15. Let j = 6 + u. List the prime factors of 34*j*(-2)/4.
17
Let i(d) = -d**3 - 8*d**2 - 7*d + 7. Let t be 1 - ((-2)/1 - 4). Suppose 0*a + t = -a. List the prime factors of i(a).
7
Let u(j) = j**3 - 8*j**2 + 5*j. Let b be u(6). Let l = b + 86. What are the prime factors of l?
2, 11
What are the prime factors of 1468*(138/(-24) + 6)?
367
Suppose -70 = -2*g - 3*g. Let j be (-3)/(-2) + 63/g. Suppose 4*f + l = 53, -j*l - 85 = -5*f - l. List the prime factors of f.
2, 7
Let b(l) = -2*l - 8. Let w be b(-7). Suppose 0 = 10*v - w*v + 584. Let c = 211 + v. List the prime factors of c.
5, 13
Suppose 5*v + 870 = h, 3*h = 2*h + 4*v + 868. Suppose -h = 2*m - 12*m. What are the prime factors of m?
2, 43
Let a = 354 + -242. Suppose 3*o = -5*z + a, 3*z - 6*z + 3*o + 72 = 0. Let b = z - 1. List the prime factors of b.
2, 11
Suppose 0*l + 8 = 2*l. Suppose -20 = -h - l*h. Suppose 0 = -k + v + h, -10 = 2*k - 5*k + v. What are the prime factors of k?
3
Let l(c) = c**3 - c**2 - 2*c + 1. Let k be l(2). Let u be (0 - 5)/(k - 2). Let x(y) = 2*y + 2. List the prime factors of x(u).
2, 3
Let v be (-7)/(35/15)*-13. Suppose 4*i = i + v. Suppose -3*d = -s - 73, 4*s + 71 + i = 4*d. List the prime factors of d.
2, 13
Let z(n) = n**2 - 6*n - 5. Let r be z(8). Let c = r + -8. Suppose 0 = -w + 2*w - 4*f - c, -77 = -3*w - 5*f. List the prime factors of w.
19
Let s(h) = -21*h - 36. What are the prime factors of s(-17)?
3, 107
Let g be -10*2/(-4) - 2. Suppose -l = 2*j - g, 0*l - j = l + 1. Let k = 7 - l. What are the prime factors of k?
2, 3
Let l be 2/3 - 1/(-3). Suppose 0 = q - 4*q - 4*r + 25, -q + r = l. List the prime factors of 9/6*62/q.
31
Suppose -5*a + 17 = -0*a - 2*c, -4*a + 13 = -c. Suppose 2*d + a*y - 52 = 0, 2*y = 6*y - 16. Let b = 5 + d. List the prime factors of b.
5
Let r(y) = -y - 2. Let h be r(-4). Suppose 8 = 2*z + h*z. Suppose -4*m + 60 = -z*m. List the prime factors of m.
2, 3, 5
Let i(o) = -o**3 + 5*o**2 + 5*o + 4. Let b be i(5). Let m = 5 - b. What are the prime factors of 8/m + 116/6?
19
Let j(l) = 17*l + 8. Let z be (3/5)/(1/10). Let 